{"id":39,"date":"2015-01-31T13:45:30","date_gmt":"2015-01-31T13:45:30","guid":{"rendered":"http:\/\/naust.org\/?page_id=39"},"modified":"2017-12-14T09:03:20","modified_gmt":"2017-12-14T09:03:20","slug":"historikk","status":"publish","type":"page","link":"https:\/\/naust.org\/?page_id=39","title":{"rendered":"Historikk"},"content":{"rendered":"<p><strong>2008<\/strong><\/p>\n<p>Sverre Sangolt likte ikkje forfallet han s\u00e5g\u00a0i naustmilj\u00f8a\u00a0i Sund kommune. Samstundes var der kjent at nausteigarar som s\u00f8kte om bruksendring\u00a0 p\u00e5 nausta fekk avslag p\u00e5 dette av offentlege instansar.<\/p>\n<p>Eit fyrest steg var s\u00e5 \u00e5 fotografera alle nausta\u00a0i Sund kommune for \u00e5 f\u00e5 ei god oversikt over situasjonen.<\/p>\n<p>Sj\u00e5 lesarinlegget ved \u00e5 lasta det ned.<\/p>\n<p><a href=\"https:\/\/naust.org\/?attachment_id=209\" rel=\"attachment wp-att-209\"><img decoding=\"async\" loading=\"lazy\" class=\"alignnone size-full wp-image-209\" src=\"https:\/\/naust.org\/wp-content\/uploads\/2015\/01\/bt-01.jpg\" alt=\"\" width=\"325\" height=\"325\" srcset=\"https:\/\/naust.org\/wp-content\/uploads\/2015\/01\/bt-01.jpg 325w, https:\/\/naust.org\/wp-content\/uploads\/2015\/01\/bt-01-150x150.jpg 150w, https:\/\/naust.org\/wp-content\/uploads\/2015\/01\/bt-01-300x300.jpg 300w\" sizes=\"(max-width: 325px) 100vw, 325px\" \/><\/a><\/p>\n<p><a href=\"https:\/\/naust.org\/?attachment_id=208\" rel=\"attachment wp-att-208\">Lesarinlegg Bergens Tidende 2008<\/a><\/p>\n<p>&nbsp;<\/p>\n<p>Eit notat vart s\u00e5 laga for \u00e5 pr\u00f8va \u00e5 skapa debatt om saka.<\/p>\n<p>Last\u00a0ned og les notatet\u00a0&laquo;Ta nausta\u00a0i bruk&raquo;<\/p>\n<p><a href=\"https:\/\/naust.org\/?attachment_id=212\" rel=\"attachment wp-att-212\"><img decoding=\"async\" loading=\"lazy\" class=\"alignnone size-full wp-image-212\" src=\"https:\/\/naust.org\/wp-content\/uploads\/2015\/01\/Notat-oversrift.jpg\" alt=\"\" width=\"670\" height=\"203\" srcset=\"https:\/\/naust.org\/wp-content\/uploads\/2015\/01\/Notat-oversrift.jpg 670w, https:\/\/naust.org\/wp-content\/uploads\/2015\/01\/Notat-oversrift-300x91.jpg 300w\" sizes=\"(max-width: 670px) 100vw, 670px\" \/><\/a><\/p>\n<p><a href=\"https:\/\/naust.org\/?attachment_id=213\" rel=\"attachment wp-att-213\">Notat. Ta nausta i bruk. 2008<\/a><\/p>\n<p>&nbsp;<\/p>\n<p>S\u00e5 vart det eit samarbeid med\u00a0det interkommunale selskapet &laquo;Gode Sirklar&raquo;. Dette f\u00f8rte til at det\u00a0rundt 2011 vart oppretta eit samarbeid mellom kommunane Sund, Austevoll, B\u00f8mlo og Rad\u00f8y. I tillegg til Fylkesmannen,\u00a0Hordaland fylkeskommune og nausteigarane.<\/p>\n<p>Initiativet til dette samarbeidet kom fr\u00e5 d\u00e5verande\u00a0\u00a0landbruksdirekt\u00f8r Ole Bakkeb\u00f8.<\/p>\n<p><a href=\"https:\/\/naust.org\/?attachment_id=214\" rel=\"attachment wp-att-214\"><img decoding=\"async\" loading=\"lazy\" class=\"alignnone size-full wp-image-214\" src=\"https:\/\/naust.org\/wp-content\/uploads\/2015\/01\/Gode-sirklar.jpg\" alt=\"\" width=\"937\" height=\"504\" srcset=\"https:\/\/naust.org\/wp-content\/uploads\/2015\/01\/Gode-sirklar.jpg 937w, https:\/\/naust.org\/wp-content\/uploads\/2015\/01\/Gode-sirklar-300x161.jpg 300w, https:\/\/naust.org\/wp-content\/uploads\/2015\/01\/Gode-sirklar-768x413.jpg 768w\" sizes=\"(max-width: 937px) 100vw, 937px\" \/><\/a><\/p>\n<p>&nbsp;<\/p>\n","protected":false},"excerpt":{"rendered":"<p>2008 Sverre Sangolt likte ikkje forfallet han s\u00e5g\u00a0i naustmilj\u00f8a\u00a0i Sund kommune. Samstundes var der kjent at nausteigarar som s\u00f8kte om bruksendring\u00a0 p\u00e5 nausta fekk avslag p\u00e5 dette av offentlege instansar. Eit fyrest steg var s\u00e5 \u00e5 fotografera alle nausta\u00a0i Sund kommune for \u00e5 f\u00e5 ei god oversikt over situasjonen. Sj\u00e5 lesarinlegget ved \u00e5 lasta det &hellip; <a href=\"https:\/\/naust.org\/?page_id=39\" class=\"more-link\">Fortsett \u00e5 lese <span class=\"screen-reader-text\">Historikk<\/span><\/a><\/p>\n","protected":false},"author":1,"featured_media":0,"parent":0,"menu_order":0,"comment_status":"closed","ping_status":"closed","template":"","meta":[],"_links":{"self":[{"href":"https:\/\/naust.org\/index.php?rest_route=\/wp\/v2\/pages\/39"}],"collection":[{"href":"https:\/\/naust.org\/index.php?rest_route=\/wp\/v2\/pages"}],"about":[{"href":"https:\/\/naust.org\/index.php?rest_route=\/wp\/v2\/types\/page"}],"author":[{"embeddable":true,"href":"https:\/\/naust.org\/index.php?rest_route=\/wp\/v2\/users\/1"}],"replies":[{"embeddable":true,"href":"https:\/\/naust.org\/index.php?rest_route=%2Fwp%2Fv2%2Fcomments&post=39"}],"version-history":[{"count":6,"href":"https:\/\/naust.org\/index.php?rest_route=\/wp\/v2\/pages\/39\/revisions"}],"predecessor-version":[{"id":211,"href":"https:\/\/naust.org\/index.php?rest_route=\/wp\/v2\/pages\/39\/revisions\/211"}],"wp:attachment":[{"href":"https:\/\/naust.org\/index.php?rest_route=%2Fwp%2Fv2%2Fmedia&parent=39"}],"curies":[{"name":"wp","href":"https:\/\/api.w.org\/{rel}","templated":true}]}}