{"id":2,"date":"2014-12-03T09:08:53","date_gmt":"2014-12-03T09:08:53","guid":{"rendered":"http:\/\/naust.org\/?page_id=2"},"modified":"2025-04-18T12:02:50","modified_gmt":"2025-04-18T12:02:50","slug":"sample-page","status":"publish","type":"page","link":"https:\/\/naust.org\/?page_id=2","title":{"rendered":"Styre"},"content":{"rendered":"<p>Styret.<\/p>\n<p>Sverre Sangolt styreleiar\u00a0 \u00a0 \u00a0 \u00a0 \u00a0 \u00a0 \u00a0 \u00a0 \u00a0 \u00a0 \u00a0 \u00a0 \u00a0 \u00a0 \u00a0\u00d8ygarden<\/p>\n<p>Inger Helen \u00d8vreb\u00f8 &#8211; nestleiar\u00a0 \u00a0 \u00a0 \u00a0 \u00a0 \u00a0 \u00a0 \u00a0 \u00a0 \u00a0Bergen\/Solund<\/p>\n<p>Anita-Elin Fed\u00f8y &#8211; rekneskap\u00a0 \u00a0 \u00a0 \u00a0 \u00a0 \u00a0 \u00a0 \u00a0 \u00a0 \u00a0 \u00a0 \u00d8ygarden<\/p>\n<p>Chris Even Myrv\u00e5gnes\u00a0 \u00a0 \u00a0 \u00a0 \u00a0 \u00a0 \u00a0 \u00a0 \u00a0 \u00a0 \u00a0 \u00a0 \u00a0 \u00a0 \u00a0 \u00a0 \u00a0 \u00d8ygarden<\/p>\n<p>H\u00e5vard Kalve\u00a0 \u00a0 \u00a0 \u00a0 \u00a0 \u00a0 \u00a0 \u00a0 \u00a0 \u00a0 \u00a0 \u00a0 \u00a0 \u00a0 \u00a0 \u00a0 \u00a0 \u00a0 \u00a0 \u00a0 \u00a0 \u00a0 \u00a0 \u00a0 \u00a0 B\u00f8mlo<\/p>\n<p>Varamedlem: Ole Bakkeb\u00f8\u00a0 \u00a0 \u00a0 \u00a0 \u00a0 \u00a0 \u00a0 \u00a0 \u00a0 \u00a0 \u00a0 \u00a0 \u00a0 \u00a0Bergen<\/p>\n<p>Varamedlem: Asbj\u00f8rn Stavland\u00a0 \u00a0 \u00a0 \u00a0 \u00a0 \u00a0 \u00a0 \u00a0 \u00a0 \u00a0\u00d8ygarden<\/p>\n<p>Varamedlem: Lars Magne Bysheim\u00a0 \u00a0 \u00a0 \u00a0 \u00a0 \u00a0 Oster\u00f8y<\/p>\n<p>Revisor: Nils Arne Ekerhovd\u00a0 \u00a0 \u00a0 \u00a0 \u00a0 \u00a0 \u00a0 \u00a0 \u00a0 \u00a0 \u00a0 \u00a0 \u00a0\u00d8ygarden<\/p>\n<p>Valnemnd: Kjell H\u00f8yland og Vigdis F\u00f8rdestr\u00f8mmen<\/p>\n","protected":false},"excerpt":{"rendered":"<p>Styret. Sverre Sangolt styreleiar\u00a0 \u00a0 \u00a0 \u00a0 \u00a0 \u00a0 \u00a0 \u00a0 \u00a0 \u00a0 \u00a0 \u00a0 \u00a0 \u00a0 \u00a0\u00d8ygarden Inger Helen \u00d8vreb\u00f8 &#8211; nestleiar\u00a0 \u00a0 \u00a0 \u00a0 \u00a0 \u00a0 \u00a0 \u00a0 \u00a0 \u00a0Bergen\/Solund Anita-Elin Fed\u00f8y &#8211; rekneskap\u00a0 \u00a0 \u00a0 \u00a0 \u00a0 \u00a0 \u00a0 \u00a0 \u00a0 \u00a0 \u00a0 \u00d8ygarden Chris Even Myrv\u00e5gnes\u00a0 \u00a0 \u00a0 \u00a0 \u00a0 \u00a0 &hellip; <a href=\"https:\/\/naust.org\/?page_id=2\" class=\"more-link\">Fortsett \u00e5 lese <span class=\"screen-reader-text\">Styre<\/span><\/a><\/p>\n","protected":false},"author":1,"featured_media":0,"parent":0,"menu_order":5,"comment_status":"closed","ping_status":"closed","template":"","meta":[],"_links":{"self":[{"href":"https:\/\/naust.org\/index.php?rest_route=\/wp\/v2\/pages\/2"}],"collection":[{"href":"https:\/\/naust.org\/index.php?rest_route=\/wp\/v2\/pages"}],"about":[{"href":"https:\/\/naust.org\/index.php?rest_route=\/wp\/v2\/types\/page"}],"author":[{"embeddable":true,"href":"https:\/\/naust.org\/index.php?rest_route=\/wp\/v2\/users\/1"}],"replies":[{"embeddable":true,"href":"https:\/\/naust.org\/index.php?rest_route=%2Fwp%2Fv2%2Fcomments&post=2"}],"version-history":[{"count":12,"href":"https:\/\/naust.org\/index.php?rest_route=\/wp\/v2\/pages\/2\/revisions"}],"predecessor-version":[{"id":788,"href":"https:\/\/naust.org\/index.php?rest_route=\/wp\/v2\/pages\/2\/revisions\/788"}],"wp:attachment":[{"href":"https:\/\/naust.org\/index.php?rest_route=%2Fwp%2Fv2%2Fmedia&parent=2"}],"curies":[{"name":"wp","href":"https:\/\/api.w.org\/{rel}","templated":true}]}}